249
What is the highest common divisor of 699238 and 15124?
38
Calculate the highest common divisor of 11643 and 251717779.
3881
What is the greatest common factor of 207137840 and 208?
208
Calculate the highest common factor of 211588 and 132712.
1252
Calculate the greatest common factor of 520 and 234390.
130
Calculate the greatest common divisor of 994451 and 161.
23
What is the highest common factor of 7860788 and 260?
52
Calculate the greatest common factor of 1276 and 41624396.
1276
What is the greatest common factor of 9 and 14764149?
9
What is the greatest common factor of 67840 and 4265705?
265
What is the highest common divisor of 56422388 and 748?
748
What is the greatest common factor of 29781661 and 298753?
4459
What is the highest common divisor of 46975149 and 6?
3
Calculate the highest common divisor of 24738 and 146010.
186
Calculate the greatest common divisor of 2040 and 328488.
24
Calculate the greatest common divisor of 399828 and 8052.
132
What is the greatest common divisor of 238193 and 4069?
313
Calculate the highest common factor of 18243596 and 3928.
1964
What is the greatest common divisor of 96175 and 145400?
25
Calculate the highest common divisor of 175994 and 3094.
182
What is the highest common factor of 19331136 and 768?
192
Calculate the highest common divisor of 653817 and 53298.
141
What is the greatest common divisor of 3587865 and 195?
15
What is the highest common factor of 41160 and 703080?
840
What is the greatest common factor of 313796 and 76048?
196
What is the greatest common factor of 4 and 1875814?
2
What is the greatest common divisor of 11452654 and 4707?
523
What is the greatest common divisor of 211761339 and 2010?
201
What is the highest common factor of 1163512 and 1329412?
2212
Calculate the highest common factor of 22335 and 646755.
15
What is the greatest common divisor of 236509 and 63744317?
10283
What is the highest common divisor of 89595 and 3421?
11
Calculate the greatest common divisor of 37518 and 4103892.
2886
What is the highest common factor of 158893713 and 49742?
3553
What is the greatest common factor of 344 and 69810328?
344
What is the highest common divisor of 838975 and 72705?
185
What is the greatest common factor of 5420 and 2383445?
1355
Calculate the greatest common factor of 998662 and 10.
2
Calculate the highest common factor of 501318701 and 403.
403
What is the highest common divisor of 23 and 148463551?
23
Calculate the highest common factor of 180656557 and 548.
137
Calculate the greatest common divisor of 1594 and 1803611.
797
Calculate the greatest common divisor of 27 and 46941606.
27
Calculate the greatest common divisor of 329918 and 280694.
586
What is the greatest common divisor of 40370832 and 678?
678
Calculate the greatest common factor of 536 and 10297496.
8
What is the greatest common divisor of 5381991 and 756999?
1431
Calculate the highest common factor of 16159299 and 31161.
663
What is the greatest common factor of 13800 and 1620?
60
What is the greatest common factor of 211548 and 805444?
244
Calculate the greatest common divisor of 100 and 1783176.
4
Calculate the highest common divisor of 1020 and 2803572.
204
What is the highest common divisor of 128952143 and 62623?
5693
Calculate the highest common factor of 4588488 and 3880.
776
Calculate the greatest common divisor of 51 and 33012827.
17
Calculate the greatest common factor of 3855 and 24645.
15
Calculate the greatest common divisor of 81158 and 22417934.
2618
Calculate the greatest common factor of 1425 and 51063825.
75
What is the greatest common divisor of 57 and 7123024?
19
Calculate the highest common divisor of 164189 and 21809.
113
Calculate the greatest common factor of 1220262 and 348.
174
What is the greatest common factor of 89639650 and 250?
50
What is the highest common divisor of 451568 and 970437?
2171
What is the highest common divisor of 26542 and 2806?
46
What is the highest common divisor of 222 and 835791372?
222
What is the greatest common divisor of 107975 and 355075?
175
Calculate the greatest common factor of 477167 and 1328.
83
What is the highest common factor of 3221696 and 279346?
1418
What is the highest common divisor of 159835579 and 47?
47
What is the highest common divisor of 8019557 and 4732?
1183
Calculate the highest common divisor of 231856 and 104920.
344
What is the highest common factor of 16733 and 418934?
29
Calculate the highest common divisor of 39793907 and 150627.
2183
What is the highest common divisor of 1631866 and 10?
2
What is the highest common factor of 296655590 and 110?
110
Calculate the highest common divisor of 5464452 and 16.
4
What is the greatest common factor of 13504 and 312976?
16
Calculate the greatest common divisor of 11 and 33471614.
11
Calculate the highest common divisor of 223 and 574890209.
223
What is the greatest common factor of 3161488 and 656040?
6248
What is the highest common divisor of 24 and 15213432?
24
What is the highest common divisor of 8584611 and 421?
421
What is the greatest common factor of 83 and 135101?
1
What is the highest common divisor of 40670574 and 126?
42
Calculate the greatest common divisor of 216 and 610728.
24
What is the highest common factor of 216 and 5611650?
6
Calculate the greatest common divisor of 7980 and 138855.
15
Calculate the highest common divisor of 133 and 3874717.
7
Calculate the highest common divisor of 125874562 and 272.
34
Calculate the highest common factor of 243135 and 12960.
135
What is the greatest common divisor of 7783398 and 1278?
18
What is the greatest common divisor of 18991 and 6573?
7
Calculate the highest common divisor of 2906002665 and 6390.
3195
What is the highest common divisor of 115232505 and 3340?
835
What is the highest common divisor of 27498296 and 56?
56
What is the greatest common factor of 1140 and 208734?
114
What is the greatest common factor of 1910154 and 561?
51
Calculate the greatest common factor of 8618795 and 5608.
701
Calculate the greatest common divisor of 282324 and 43666.
14
Calculate the highest common divisor of 196560 and 142128.
3024
Calculate the highest common factor of 14184877 and 3976.
497
What is the greatest common factor of 292434 and 816?
102
Calculate the highest common divisor of 8 and 10060684.
4
Calculate the greatest common factor of 8232 and 5011230.
2058
What is the highest common divisor of 1291361 and 291?
97
What is the greatest common factor of 39735 and 72225?
45
What is the greatest common divisor of 859537 and 2852?
31
What is the greatest common factor of 83955 and 36670?
965
Calculate the greatest common factor of 604 and 14325823.
151
What is the highest common factor of 14 and 1012957673?
7
Calculate the highest common divisor of 18 and 13756692.
6
Calculate the highest common divisor of 14091 and 705012.
231
Calculate the highest common factor of 433466 and 171.
19
Calculate the highest common divisor of 4040266 and 112357.
2293
Calculate the highest common divisor of 24430 and 4353775.
1745
What is the greatest common divisor of 19 and 58360229?
19
Calculate the greatest common factor of 3380 and 5222945.
845
Calculate the greatest common divisor of 550 and 32843275.
25
Calculate the greatest common divisor of 291434 and 300872.
286
Calculate the greatest common factor of 14918550 and 210.
30
What is the highest common divisor of 1160120 and 63752?
104
What is the greatest common divisor of 574436125 and 375?
125
What is the highest common factor of 769 and 447384975?
769
What is the highest common divisor of 47223024 and 48?
48
Calculate the greatest common factor of 380438927 and 3207.
1069
Calculate the greatest common factor of 19649 and 55811.
49
What is the greatest common factor of 837918 and 195146?
526
What is the greatest common divisor of 150824 and 2641528?
136
What is the greatest common divisor of 628 and 5476?
4
What is the highest common factor of 69010252 and 4?
4
Calculate the highest common divisor of 1647 and 325313.
61
Calculate the highest common factor of 2150 and 98437750.
2150
What is the highest common factor of 6401083 and 143?
13
What is the highest common divisor of 54226 and 204326?
38
Calculate the highest common factor of 60135433 and 373.
373
What is the